, 7, 29
Suppose 4*o = -5*y + 640, 0*y - 3*o = 5*y - 645. Let k = y + -25. List the prime factors of k.
107
Let v = 10911 + -7045. List the prime factors of v.
2, 1933
Let p = 22347 + -12073. What are the prime factors of p?
2, 11, 467
Let t = -393 + 382. List the prime factors of (t - (-31447)/(-39))/((-4)/6).
2, 613
Suppose 0 = -j + 5*w + 15 + 8, 5*w = -5*j - 5. Suppose j*k = -0*k + 2877. What are the prime factors of k?
7, 137
Let i(r) = 14 - 15 - 1 - 4*r - 1033*r**3 - 2*r**2. What are the prime factors of i(-1)?
1033
Let w be 12/(-9)*(-1 - 2)*1. Suppose 0 = -2*g + 252 + w. What are the prime factors of g?
2
What are the prime factors of (-31)/(1550/38280)*-5?
2, 3, 11, 29
Let r(q) = 6*q + 28. Let i be r(-7). Let g be ((-32)/(-1))/((i/6)/(-7)). Let x = g - 58. What are the prime factors of x?
2, 19
Let v be (-266)/10 + 3*(-20)/150. What are the prime factors of ((-2)/(-8))/(v/(-36))*9?
3
Suppose 6478 = 4*k + 13*h - 11*h, -1616 = -k + 3*h. Let u = -977 + k. What are the prime factors of u?
2, 3, 107
Let w = -5434 + 11759. What are the prime factors of w?
5, 11, 23
Let l be (2580/(-4))/(-3) - 4. Let y = -91 + l. Suppose -w + 3*w - y = 0. What are the prime factors of w?
2, 3, 5
Let l be (-72)/(-24)*(1 + 11531/(-3)). What are the prime factors of 747/(-63) + 12 - l/7?
3, 61
Suppose -5*f + 75 = -5*q, q = -f - q. Suppose -f*b = -3*b - 35. Suppose -2*k = -5*x + 353, -b*x + 360 = 5*k - 0. What are the prime factors of x?
71
Let c(y) = -y**2 + y - 4. Let t be c(2). Let x be ((-27)/(-9))/(t/(-80)). List the prime factors of 18/(-15)*x/(-16).
3
Suppose 3*y + 2*y + 26 = 2*m, 3*m - 3*y = 21. Suppose 0 = m*p - 5 - 4. What are the prime factors of -1*p*65/(-5)?
3, 13
Suppose -508*k + 10502076 = -209*k. What are the prime factors of k?
2, 3, 2927
Suppose -2*r = 2*r + 8. Let t be (-3 + (-9)/(-2))*r. List the prime factors of (-4)/(4/t) + 22.
5
Suppose 4*p + 29633 = 3*l, 48*p - 52*p = 5*l - 49367. What are the prime factors of l?
5, 79
Suppose 4*q + 6816 = -100*n + 104*n, 0 = n + 2*q - 1707. List the prime factors of n.
5, 11, 31
Let c = 218 + -245. Let i = c - -80. List the prime factors of i.
53
Let y(j) be the first derivative of -13*j**2 + 7*j - 1. Let x be ((-6)/(-4))/((-164)/112 - (-95)/133). List the prime factors of y(x).
59
Suppose -6*b + 4*t + 493 = -5*b, b - t - 496 = 0. Let k(v) = -24*v**2 + 4*v + 3. Let x be k(-3). Let r = x + b. List the prime factors of r.
2, 17
Let t = -57 + 59. Let o be 284/18 - t/(-9). What are the prime factors of o/(-56) - (-1115)/7?
3, 53
Let c(t) = -83*t + 3223. List the prime factors of c(-63).
2, 2113
Let o(x) = -54 + 20*x + 38*x**2 + 2*x**3 - 38*x**2 + 57. What are the prime factors of o(6)?
3, 5, 37
Suppose 6011 = -2*p - 3*o + 16323, 0 = -5*p - 3*o + 25762. What are the prime factors of p?
2, 5, 103
Let u(s) = -47*s - 1. Let z be u(-2). Let k = z + -90. Suppose 5*x = -k*x + 576. List the prime factors of x.
2, 3
Let r = 427 + -294. Suppose 0 = -i - 3*b + 61, 9*i = 12*i - b - r. What are the prime factors of i?
2, 23
Let z(w) = -w**3 - w**2 + 12*w. Suppose -x = -5*p + 21, -3*x + 2*p + 2 = -0*p. Suppose x*m = -2*m - 36. What are the prime factors of z(m)?
2, 3
Suppose -b + 42 = -4*b. Let t = -37 - b. Let o = 30 + t. What are the prime factors of o?
7
Suppose -4*g = 2*q - 3652, 9*g - 2737 = 6*g - q. Suppose 3*y + 2*y = -u + g, -y = 3*u - 185. What are the prime factors of y?
2, 7, 13
Suppose 691550 = 20*w + 96*w - 7930. List the prime factors of w.
2, 3, 5, 67
Suppose k - 12136 = 3*v - 40890, -3*v = k - 28756. What are the prime factors of v?
3, 5, 71
Suppose 3*u - 14120 = s, s = -2*u + 1424 + 7981. What are the prime factors of u?
5, 941
Let x(j) = 9*j**2 - 112*j + 422. What are the prime factors of x(-60)?
2, 17, 1163
List the prime factors of (-256906)/(-39)*3 - -10.
2, 4943
Suppose -2*n - c + 5029 = 0, n + c = 1109 + 1407. List the prime factors of n.
7, 359
Let t be (-78)/(-27) - (-5)/45. Suppose -4*y + 713 = m, -2*y + y = -t*m - 175. Let v = 252 - y. What are the prime factors of v?
2, 37
Suppose -3*y + 19 + 53 = 0. What are the prime factors of 6120/32 - 6/y?
191
Suppose -24*b + 445912 - 48060 = 2*b. What are the prime factors of b?
2, 7, 1093
Let h(j) = -j**3 + 8*j**2 - 4*j - 3. Let t be h(6). Suppose -7*i + t + 340 = 0. Suppose 5*b = i + 75. What are the prime factors of b?
2, 13
Let v(k) = 4 - 2 - 24 + 5*k. Let s be v(5). Suppose x - s*y = 42, 5*y + 210 = 2*x + 3*x. List the prime factors of x.
2, 3, 7
Suppose 0 = 4*y - i - 338 + 3, -338 = -4*y + 2*i. Suppose 5*c + 33 + 1 = w, 3*c + 9 = 0. Let n = w + y. What are the prime factors of n?
2, 3, 17
Let y(i) = -9*i**2 + 2*i - 7. Let w(f) = -17*f**2 + 4*f - 12. Let o(z) = 2*w(z) - 5*y(z). List the prime factors of o(4).
179
Let s = -22551 - -31994. List the prime factors of s.
7, 19, 71
Let f be 1320/16*2/3. Let v be (-3)/(f/(-15) - -4). What are the prime factors of -3 + -1 + (-261)/v?
5
Suppose -10*t + 12*t = -2*l + 17348, -43342 = -5*l + 2*t. List the prime factors of l.
2, 3, 5, 17
Let w be (-8)/(-14) + (-100638)/(-63). What are the prime factors of w*1 + (35 - 26)?
1607
Suppose -v - 5*y = v + 9, 12 = -4*y. Suppose -4*w - 5*n = 372, 3*w + 182 = -v*n - 94. Let g = 126 + w. List the prime factors of g.
2, 19
Suppose -35*q + 135 + 40 = 0. Let a(m) = 6*m**2 + 9*m + 8. Let w(n) = 18*n**2 + 26*n + 24. Let h(v) = -11*a(v) + 4*w(v). What are the prime factors of h(q)?
3, 61
Suppose 46217 = 5*v - 2*a - 74225, 2*v + 3*a = 48154. What are the prime factors of v?
2, 12043
Suppose -5*g + 40 = -5*n, -2*g - 20 = -n - 33. Suppose 0 = -2*a + 4*v - 52 + 220, -4*a - g*v + 362 = 0. List the prime factors of a.
2, 11
Suppose -5*v + 2*t + 470 = 5*t, -5*v + 480 = 5*t. Suppose -v + 33 = -2*q. Suppose q - 3 = 2*y. What are the prime factors of y?
13
Suppose -3*a - 5*d + 4*d + 1223 = 0, 3*a = -2*d + 1225. Let z = a + 364. Suppose 2*f + v - 209 = 166, -4*f + z = -5*v. What are the prime factors of f?
3, 7
Let d(h) = 266*h**2 + 37*h + 288. What are the prime factors of d(-6)?
2, 3, 1607
Suppose -8*i + 3*i + 630 = 5*y, 4*i + 5*y - 501 = 0. Suppose 0 = 139*a - i*a - 10250. List the prime factors of a.
5, 41
Let l be -4 - ((-4)/10)/((-20)/(-600)). Suppose 0*v = -l*v + 1968. What are the prime factors of v?
2, 3, 41
Let a(y) = 10*y**2 - 120 - 16*y - 127 - 3*y**2 + y**3 + 203. What are the prime factors of a(-5)?
2, 43
List the prime factors of 10251 - -22*(-6 + 121/22).
2, 5
Let q(r) = r**3 - 6*r**2 + 10*r + 19. Let i be q(6). Let k = -8 + i. List the prime factors of k.
71
Let h = 386 - 392. What are the prime factors of (-39206)/(-30) - h/45?
1307
Let c(r) = 2*r**2 + 16*r - 16. Let a be c(-9). Suppose 7*d - 33 = a. Suppose -2*s = -d*g - 6*s + 22, 4*g + s - 22 = 0. List the prime factors of g.
2, 3
Suppose 0 = -2*b + 83 + 119. Suppose 0 = -78*h + 74*h + 2160. Suppose 0 = -b*j + 99*j + h. What are the prime factors of j?
2, 3, 5
Suppose -h - 3*f + 15 = 0, 72*h - 68*h + 5*f = 74. Let m(i) = 39*i + 3. Let w be m(3). Suppose h*r - 20*r - w = 0. List the prime factors of r.
2, 3, 5
Let f = -5808 + 9542. Suppose -7446 = -20*j + f. What are the prime factors of j?
13, 43
Suppose 3*g - t - 644 = -3*t, 3*g + 4*t = 640. Suppose 88*f - g = 86*f. What are the prime factors of f?
2, 3
Suppose -l + 17890 = 5*t, l - 7156 = -2*t + 4*l. Suppose 0 = -9*j + t + 1372. Let p = j + -386. What are the prime factors of p?
2, 41
Let n(m) = 138*m**3 + m**2 - 3*m + 2. Let d be n(1). Let v = d - 35. What are the prime factors of v?
103
Let m(y) be the third derivative of y**5/60 - 11*y**4/24 + 5*y**3/6 - 67*y**2. What are the prime factors of m(23)?
281
Let d(g) = g - 4. Let x be d(-1). Let y be (-8)/x - 20/(-50). Suppose 23 - 3 = -5*c, 4*w = y*c + 252. List the prime factors of w.
61
Suppose 2*o + 3671 = 6*o - u, 2*u - 1828 = -2*o. Let b = 1447 - o. List the prime factors of b.
2, 5, 53
Suppose 0 = 5*i - 4*z + 40, i - 11 = z - 4*z. What are the prime factors of (2/((-12)/494))/(i/24)?
2, 13, 19
Let p(n) = 140*n**2 + 17*n - 94. What are the prime factors of p(-8)?
2, 3, 5, 97
Let p = -962 - -1032. Let z = 42 + -99. Let n = p - z. What are the prime factors of n?
127
Let b(z) = 4*z**2 - z - 5. Suppose q = -3*q + 12. Suppose 2*p - m - m = 6, q = p - 5*m. What are the prime factors of b(p)?
2, 7
Let v(h) = h**3 + 54